{"id":226,"date":"2024-09-23T11:00:55","date_gmt":"2024-09-23T11:00:55","guid":{"rendered":"https:\/\/sinacoso.org\/?page_id=226"},"modified":"2024-09-23T11:00:56","modified_gmt":"2024-09-23T11:00:56","slug":"condiciones-de-uso","status":"publish","type":"page","link":"https:\/\/sinacoso.org\/blog\/condiciones-de-uso\/","title":{"rendered":"Condiciones de uso"},"content":{"rendered":"\n<p><strong>CANCELACIONES, DEVOLUCIONES Y DESESTIMIENTO<\/strong><br><em>Servicios digitales<\/em><br>Por ser servicios personalizados de entrega digital de disponibilidad inmediata, no es posible aceptar Cancelaciones ni Devoluciones una vez realizado el pago de los servicios contratados.<br>Puede libremente no renovar la siguiente anualidad simplemente omitiendo el pago de esa cuota. Obviamente, se cancelar\u00e1n los servicios contratados as\u00ed como su acceso a la parte de gesti\u00f3n del sitio web. Igualmente, se indicar\u00e1 a aquellos que consultasen su Plan de Igualdad la no disponibilidad.<br><em>Productos f\u00edsicos<\/em><br>Todos los precios incluyen los impuestos pertinentes y gastos de env\u00edo.<br>Todos los productos son vendidos por Empresas ajenas a el PROPIETARIO, por lo que cada una de ellas tiene sus propias condiciones de compra, cancelaci\u00f3n, devoluci\u00f3n y desestimiento. En cada caso ser\u00e1 informado previamente a la compra. Es cada empresa vendedora la \u00fanica responsable de la operaci\u00f3n, actuando esta web \u00fanicamente como v\u00eda publicitaria.<br>Dado que son productos personalizados, y el comercio es realizado entre empresas (no se consideran clientes particulares), no podr\u00e1 desistir de la compra realizada, pero si podr\u00e1 devolver el pedido una vez recibido.<br>Si desea devolver un pedido deber\u00e1 ponerse en contacto con nosotros por eMail indicando su NIF, c\u00f3digo de pedido y los art\u00edculos que desea devolver. A continuaci\u00f3n le indicaremos la forma de proceder, dado que su producci\u00f3n no est\u00e1 localizada en un s\u00f3lo centro. Los productos deber\u00e1n estar precintados y sin uso, por motivos higi\u00e9nico sanitarios. En caso contrario no se admitir\u00e1 la devoluci\u00f3n y no se proceder\u00e1 a la devoluci\u00f3n del importe de la compra. En caso de estar conforme, le realizaremos el abono correspondiente por transferencia bancaria a la cuenta bancaria que nos indique antes de tres d\u00edas laborables.<br><strong>METODOS DE PAGO<\/strong><br>Aceptamos el pago mediante tarjeta de d\u00e9bito o cr\u00e9dito.<br>Para Empresas con cuentas bancarias en el sistema SEPA de la Uni\u00f3n Europea, ofrecemos la domiciliaci\u00f3n bancaria B2B.<br>El pedido no se considera firme hasta la confirmaci\u00f3n de la entidad financiera de su efectividad.<br><strong>CONSECUENCIAS DE LOS IMPAGOS<\/strong><br>En las ventas de servicios ya prestados o puestos a disposici\u00f3n de los clientes, de un s\u00f3lo pago, en caso de devoluci\u00f3n, ser\u00e1n cancelado el acceso a los servicios contratados hasta su cobro.<br>En el caso de las suscripciones mensuales, \u00e9stas tienen un compromiso de permanencia de 24 meses. En caso de impago de uno de esos plazos mensuales, se suspender\u00e1 el acceso al servicio, se le contactar\u00e1 para que abone el importe pendiente en el plazo de 7 d\u00edas, incrementado en 5 eur por los gastos de devoluciones e impagos. Si transcurrido ese plazo continuase en mora, se le exigir\u00e1 el pago inmediato de todos los plazos pendientes, incrementados en 5 eur cada uno de ellos en concepto de gastos de tramitaci\u00f3n. Si transcurridos otros 7 d\u00edas continuase en impago, se iniciar\u00e1 el procedimiento judicial de cobro, de acuerdo con la legislaci\u00f3n de su pa\u00eds y de UK.<br>En el caso de impago de las suscripciones anuales del Canal de Denuncias, el servicio ser\u00e1 cancelado. No habr\u00e1 reclamaci\u00f3n alguna, dando por concluido nuestro contrato con ustedes. Si posteriormente desease contratar de nuevo ser\u00e1 considerado como nuevo cliente a todos los efectos.<br><strong>TIEMPOS DE ENTREGA<\/strong><br>La disponibilidad de servicios digitales es inmediata tras la confirmaci\u00f3n de la recepci\u00f3n del pago por parte de la entidad bancaria.<br>El env\u00edo de productos f\u00edsicos se realiza en el plazo indicado en el momento de cada pedido, en funci\u00f3n de los art\u00edculos, y contados desde la confirmaci\u00f3n del pago por parte de la entidad bancaria.<br>Costes adicionales:\u00a0No existe ning\u00fan coste adicional a los contratados, salvo los indicados por impagos.<br>Justificantes y facturas:\u00a0Conserve los justificantes del pago realizado.<br><strong>GARANTIAS<\/strong><br>Los productos comercializados gozan del periodo de garant\u00eda legal en su pa\u00eds de residencia.<br><strong>AFILIADOS<\/strong><br>Los afiliados son los prescriptores de nuestros servicios y productos, por lo que cobran una comisi\u00f3n.<br>Las comisiones se devengan en el momento del cobro de la venta.<br>En el caso de las subscripciones de servicios, en caso de impago por parte del cliente de alguna de las 12 primeras mensualidades, se deducir\u00e1 el importe cobrado previamente por el afiliado correspondiente a esa subscripci\u00f3n. En la f\u00f3rmula de suscripci\u00f3n de 24 meses, su comisi\u00f3n ser\u00e1 reflejada de inmediato pero no ser\u00e1 liquidable hasta transcurridos 6 meses, si el cliente est\u00e1 al corriente de pago.<br>Tambi\u00e9n podr\u00e1n revender nuestros servicios, abonando directamente los precios establecidos descontada su comisi\u00f3n y ser\u00e1 qui\u00e9n cobre de su cliente empresarial o profesional aportado.\u00a0<br><strong>ABOGADOS<\/strong>El registro como Abogado en esta web no implica ni obligaci\u00f3n ni derecho alguno. Tampoco tiene ning\u00fan coste.<br>En el caso de que una empresa o trabajador precise de los servicios de un abogado en su \u00e1rea, le facilitaremos los datos de los Abogados con los que habremos contactado previamente y firmado los pertinentes acuerdos.<br><strong>TRABAJADORES<\/strong><br>Aquellos trabajadores que nos contacten, bien por correo electr\u00f3nico, bien a trav\u00e9s de los formularios de denuncia, consienten en el tratamiento de sus datos que nos facilita, con el objeto de gestionar su denuncia. En el caso que necesite soporte jur\u00eddico, nos autorizar\u00e1 expresamente a ceder sus datos a los abogados encargados de su resoluci\u00f3n. Sin esta autorizaci\u00f3n previa, no facilitaremos dato alguno, a nadie.<br>No obstante, nos autoriza a contactar con la Empresa objeto de la denuncia, limitando la informaci\u00f3n a aquella que nos indique en el formulario de denuncia.<br><strong>CONSENTIMIENTOS<\/strong><br>El Cliente consiente y acepta expresamente al registrarse en sinacoso.org el recibir comunicaciones comerciales de sinacoso.org. Sus datos no son cedidos a empresas no relacionadas directamente con la prestaci\u00f3n del servicio.<\/p>\n","protected":false},"excerpt":{"rendered":"<p>CANCELACIONES, DEVOLUCIONES Y DESESTIMIENTOServicios digitalesPor ser servicios personalizados de entrega digital de disponibilidad inmediata, no es posible aceptar Cancelaciones ni Devoluciones una vez realizado el pago de los servicios contratados.Puede libremente no renovar la siguiente anualidad simplemente omitiendo el pago de esa cuota. Obviamente, se cancelar\u00e1n los servicios contratados as\u00ed como su acceso a la [&hellip;]<\/p>\n","protected":false},"author":1,"featured_media":0,"parent":0,"menu_order":0,"comment_status":"closed","ping_status":"closed","template":"","meta":{"footnotes":""},"class_list":["post-226","page","type-page","status-publish","hentry"],"yoast_head":"<!-- This site is optimized with the Yoast SEO plugin v27.5 - https:\/\/yoast.com\/product\/yoast-seo-wordpress\/ -->\n<title>Condiciones de uso - SINacoso<\/title>\n<meta name=\"robots\" content=\"index, follow, max-snippet:-1, max-image-preview:large, max-video-preview:-1\" \/>\n<link rel=\"canonical\" href=\"https:\/\/sinacoso.org\/blog\/condiciones-de-uso\/\" \/>\n<meta property=\"og:locale\" content=\"es_ES\" \/>\n<meta property=\"og:type\" content=\"article\" \/>\n<meta property=\"og:title\" content=\"Condiciones de uso - SINacoso\" \/>\n<meta property=\"og:description\" content=\"CANCELACIONES, DEVOLUCIONES Y DESESTIMIENTOServicios digitalesPor ser servicios personalizados de entrega digital de disponibilidad inmediata, no es posible aceptar Cancelaciones ni Devoluciones una vez realizado el pago de los servicios contratados.Puede libremente no renovar la siguiente anualidad simplemente omitiendo el pago de esa cuota. Obviamente, se cancelar\u00e1n los servicios contratados as\u00ed como su acceso a la [&hellip;]\" \/>\n<meta property=\"og:url\" content=\"https:\/\/sinacoso.org\/blog\/condiciones-de-uso\/\" \/>\n<meta property=\"og:site_name\" content=\"SINacoso\" \/>\n<meta property=\"article:modified_time\" content=\"2024-09-23T11:00:56+00:00\" \/>\n<meta name=\"twitter:card\" content=\"summary_large_image\" \/>\n<meta name=\"twitter:label1\" content=\"Tiempo de lectura\" \/>\n\t<meta name=\"twitter:data1\" content=\"5 minutos\" \/>\n<script type=\"application\/ld+json\" class=\"yoast-schema-graph\">{\"@context\":\"https:\\\/\\\/schema.org\",\"@graph\":[{\"@type\":\"WebPage\",\"@id\":\"https:\\\/\\\/sinacoso.org\\\/blog\\\/condiciones-de-uso\\\/\",\"url\":\"https:\\\/\\\/sinacoso.org\\\/blog\\\/condiciones-de-uso\\\/\",\"name\":\"Condiciones de uso - SINacoso\",\"isPartOf\":{\"@id\":\"https:\\\/\\\/sinacoso.org\\\/blog\\\/#website\"},\"datePublished\":\"2024-09-23T11:00:55+00:00\",\"dateModified\":\"2024-09-23T11:00:56+00:00\",\"breadcrumb\":{\"@id\":\"https:\\\/\\\/sinacoso.org\\\/blog\\\/condiciones-de-uso\\\/#breadcrumb\"},\"inLanguage\":\"es\",\"potentialAction\":[{\"@type\":\"ReadAction\",\"target\":[\"https:\\\/\\\/sinacoso.org\\\/blog\\\/condiciones-de-uso\\\/\"]}]},{\"@type\":\"BreadcrumbList\",\"@id\":\"https:\\\/\\\/sinacoso.org\\\/blog\\\/condiciones-de-uso\\\/#breadcrumb\",\"itemListElement\":[{\"@type\":\"ListItem\",\"position\":1,\"name\":\"Portada\",\"item\":\"https:\\\/\\\/sinacoso.org\\\/blog\\\/\"},{\"@type\":\"ListItem\",\"position\":2,\"name\":\"Condiciones de uso\"}]},{\"@type\":\"WebSite\",\"@id\":\"https:\\\/\\\/sinacoso.org\\\/blog\\\/#website\",\"url\":\"https:\\\/\\\/sinacoso.org\\\/blog\\\/\",\"name\":\"SINacoso\",\"description\":\"Prevenci\u00f3n del Acoso laboral\",\"publisher\":{\"@id\":\"https:\\\/\\\/sinacoso.org\\\/blog\\\/#organization\"},\"potentialAction\":[{\"@type\":\"SearchAction\",\"target\":{\"@type\":\"EntryPoint\",\"urlTemplate\":\"https:\\\/\\\/sinacoso.org\\\/blog\\\/?s={search_term_string}\"},\"query-input\":{\"@type\":\"PropertyValueSpecification\",\"valueRequired\":true,\"valueName\":\"search_term_string\"}}],\"inLanguage\":\"es\"},{\"@type\":\"Organization\",\"@id\":\"https:\\\/\\\/sinacoso.org\\\/blog\\\/#organization\",\"name\":\"SINacoso\",\"url\":\"https:\\\/\\\/sinacoso.org\\\/blog\\\/\",\"logo\":{\"@type\":\"ImageObject\",\"inLanguage\":\"es\",\"@id\":\"https:\\\/\\\/sinacoso.org\\\/blog\\\/#\\\/schema\\\/logo\\\/image\\\/\",\"url\":\"https:\\\/\\\/sinacoso.org\\\/wp-content\\\/uploads\\\/2024\\\/09\\\/unnamed.png\",\"contentUrl\":\"https:\\\/\\\/sinacoso.org\\\/wp-content\\\/uploads\\\/2024\\\/09\\\/unnamed.png\",\"width\":400,\"height\":85,\"caption\":\"SINacoso\"},\"image\":{\"@id\":\"https:\\\/\\\/sinacoso.org\\\/blog\\\/#\\\/schema\\\/logo\\\/image\\\/\"}}]}<\/script>\n<!-- \/ Yoast SEO plugin. -->","yoast_head_json":{"title":"Condiciones de uso - SINacoso","robots":{"index":"index","follow":"follow","max-snippet":"max-snippet:-1","max-image-preview":"max-image-preview:large","max-video-preview":"max-video-preview:-1"},"canonical":"https:\/\/sinacoso.org\/blog\/condiciones-de-uso\/","og_locale":"es_ES","og_type":"article","og_title":"Condiciones de uso - SINacoso","og_description":"CANCELACIONES, DEVOLUCIONES Y DESESTIMIENTOServicios digitalesPor ser servicios personalizados de entrega digital de disponibilidad inmediata, no es posible aceptar Cancelaciones ni Devoluciones una vez realizado el pago de los servicios contratados.Puede libremente no renovar la siguiente anualidad simplemente omitiendo el pago de esa cuota. Obviamente, se cancelar\u00e1n los servicios contratados as\u00ed como su acceso a la [&hellip;]","og_url":"https:\/\/sinacoso.org\/blog\/condiciones-de-uso\/","og_site_name":"SINacoso","article_modified_time":"2024-09-23T11:00:56+00:00","twitter_card":"summary_large_image","twitter_misc":{"Tiempo de lectura":"5 minutos"},"schema":{"@context":"https:\/\/schema.org","@graph":[{"@type":"WebPage","@id":"https:\/\/sinacoso.org\/blog\/condiciones-de-uso\/","url":"https:\/\/sinacoso.org\/blog\/condiciones-de-uso\/","name":"Condiciones de uso - SINacoso","isPartOf":{"@id":"https:\/\/sinacoso.org\/blog\/#website"},"datePublished":"2024-09-23T11:00:55+00:00","dateModified":"2024-09-23T11:00:56+00:00","breadcrumb":{"@id":"https:\/\/sinacoso.org\/blog\/condiciones-de-uso\/#breadcrumb"},"inLanguage":"es","potentialAction":[{"@type":"ReadAction","target":["https:\/\/sinacoso.org\/blog\/condiciones-de-uso\/"]}]},{"@type":"BreadcrumbList","@id":"https:\/\/sinacoso.org\/blog\/condiciones-de-uso\/#breadcrumb","itemListElement":[{"@type":"ListItem","position":1,"name":"Portada","item":"https:\/\/sinacoso.org\/blog\/"},{"@type":"ListItem","position":2,"name":"Condiciones de uso"}]},{"@type":"WebSite","@id":"https:\/\/sinacoso.org\/blog\/#website","url":"https:\/\/sinacoso.org\/blog\/","name":"SINacoso","description":"Prevenci\u00f3n del Acoso laboral","publisher":{"@id":"https:\/\/sinacoso.org\/blog\/#organization"},"potentialAction":[{"@type":"SearchAction","target":{"@type":"EntryPoint","urlTemplate":"https:\/\/sinacoso.org\/blog\/?s={search_term_string}"},"query-input":{"@type":"PropertyValueSpecification","valueRequired":true,"valueName":"search_term_string"}}],"inLanguage":"es"},{"@type":"Organization","@id":"https:\/\/sinacoso.org\/blog\/#organization","name":"SINacoso","url":"https:\/\/sinacoso.org\/blog\/","logo":{"@type":"ImageObject","inLanguage":"es","@id":"https:\/\/sinacoso.org\/blog\/#\/schema\/logo\/image\/","url":"https:\/\/sinacoso.org\/wp-content\/uploads\/2024\/09\/unnamed.png","contentUrl":"https:\/\/sinacoso.org\/wp-content\/uploads\/2024\/09\/unnamed.png","width":400,"height":85,"caption":"SINacoso"},"image":{"@id":"https:\/\/sinacoso.org\/blog\/#\/schema\/logo\/image\/"}}]}},"_links":{"self":[{"href":"https:\/\/sinacoso.org\/blog\/wp-json\/wp\/v2\/pages\/226","targetHints":{"allow":["GET"]}}],"collection":[{"href":"https:\/\/sinacoso.org\/blog\/wp-json\/wp\/v2\/pages"}],"about":[{"href":"https:\/\/sinacoso.org\/blog\/wp-json\/wp\/v2\/types\/page"}],"author":[{"embeddable":true,"href":"https:\/\/sinacoso.org\/blog\/wp-json\/wp\/v2\/users\/1"}],"replies":[{"embeddable":true,"href":"https:\/\/sinacoso.org\/blog\/wp-json\/wp\/v2\/comments?post=226"}],"version-history":[{"count":1,"href":"https:\/\/sinacoso.org\/blog\/wp-json\/wp\/v2\/pages\/226\/revisions"}],"predecessor-version":[{"id":227,"href":"https:\/\/sinacoso.org\/blog\/wp-json\/wp\/v2\/pages\/226\/revisions\/227"}],"wp:attachment":[{"href":"https:\/\/sinacoso.org\/blog\/wp-json\/wp\/v2\/media?parent=226"}],"curies":[{"name":"wp","href":"https:\/\/api.w.org\/{rel}","templated":true}]}}